 22*y - 203. Give q(8).
-27
Let s(x) = -3*x**2 + 282*x - 552. What is s(92)?
0
Let o(z) = 318*z - 1289. Give o(4).
-17
Let r(f) = -9*f**2 - 172*f - 11. Give r(-19).
8
Let f(w) = -w**3 - 2*w**2 + 3*w - 3. Calculate f(1).
-3
Let v(m) = m**2 + 68*m + 367. Determine v(-62).
-5
Let z(w) = 806*w - 5698. What is z(7)?
-56
Let f(c) = 6*c**2 + 167*c + 1165. Give f(-13).
8
Let f(g) = -2*g**3 + 10*g**2 + 30*g - 154. What is f(4)?
-2
Let s(y) = y**2 - 61*y - 1106. Give s(-16).
126
Let v(r) = 71*r + 1064. What is v(-15)?
-1
Let h(t) = -4*t**3 - 91*t**2 - 69*t - 3. Give h(-22).
63
Let z(n) = 12*n + 128. Determine z(-20).
-112
Let w(a) = -a**3 + 8*a**2 + 29*a - 201. Give w(9).
-21
Let v(i) = -30*i + 247. What is v(8)?
7
Let n(u) = 19*u + 143. Give n(0).
143
Let k(f) = -5*f**2 - 247*f - 724. Calculate k(-46).
58
Let t(z) = z**3 - 20*z**2 - 263*z + 51. Give t(29).
-7
Let h(o) = -4*o**2 + 115*o - 99. Determine h(24).
357
Let v(g) = 16*g + 1247. Determine v(-78).
-1
Let t(a) = -53*a**2 + 579*a + 43. Determine t(11).
-1
Let d(p) = -262*p + 24. What is d(3)?
-762
Let c(x) = -2*x**2 - 86*x + 76. Give c(-43).
76
Let g(p) = 10*p - 640. Calculate g(64).
0
Let n(a) = 199*a**3 - 2*a**2 - a - 1. What is n(-1)?
-201
Let f(l) = -l**3 - 76*l**2 + 82*l + 446. What is f(-77)?
61
Let a(d) = -10*d + 189. Give a(21).
-21
Let y(h) = -4*h**3 - 56*h**2 - 3*h - 45. Determine y(-14).
-3
Let j(g) = g**3 + 12*g**2 + 4*g - 81. Calculate j(-10).
79
Let o(g) = -g - 72. What is o(-18)?
-54
Let l(d) = d**3 - 94*d**2 - 214*d + 2101. What is l(96)?
-11
Let u(t) = 2*t**3 - 6*t**2 - 33*t - 77. Give u(-3).
-86
Let f(r) = 25*r + 586. What is f(-25)?
-39
Let d(a) = -a**2 + 20*a + 99. Calculate d(26).
-57
Let p(k) = 706*k + 4875. Determine p(-7).
-67
Let a(w) = -w**3 - 49*w**2 - 217*w - 19. What is a(-44)?
-151
Let p(x) = x**2 - 47*x + 144. Give p(44).
12
Let m(u) = -u**2 + 331*u + 21661. Give m(-56).
-11
Let c(y) = -190*y - 1952. Calculate c(-10).
-52
Let r(u) = -116*u + 2884. Determine r(25).
-16
Let c(v) = -6*v**2 - 269*v + 268. What is c(1)?
-7
Let s(k) = -k**3 + 9*k**2 + 73*k + 10. Calculate s(-5).
-5
Let s(i) = -1472*i - 1. Give s(0).
-1
Let q(z) = 903*z + 23. Calculate q(-1).
-880
Let r(a) = 2596*a - 23360. Give r(9).
4
Let t(q) = -562*q - 5611. What is t(-10)?
9
Let w(a) = -511*a - 995. Give w(-2).
27
Let v(r) = -8944*r + 35779. Calculate v(4).
3
Let q(k) = k**3 + k**2 + k + 40. Calculate q(0).
40
Let m(f) = -212*f - 17593. Give m(-83).
3
Let u(y) = -4825*y + 3. Determine u(0).
3
Let r(j) = -29*j + 65. Determine r(-6).
239
Let x(h) = 5*h**3 - 9*h**2 + 43*h - 80. What is x(2)?
10
Let n(v) = -7*v**2 - 354*v - 546. Calculate n(-49).
-7
Let r(k) = -k**3 + 8*k**2 - 150*k + 1113. What is r(8)?
-87
Let q(s) = -6*s**2 - 238*s - 184. Determine q(-39).
-28
Let z(m) = 2*m**2 + 62*m - 64. Determine z(-30).
-124
Let m(j) = -5*j**2 + 247*j - 246. Give m(1).
-4
Let i(x) = -9*x**3 - 3*x**2 - 4*x. Determine i(-2).
68
Let r(u) = -u**3 - 33*u**2 - 57*u + 114. Give r(-31).
-41
Let b(o) = 6*o**2 - 52*o - 1696. Determine b(-13).
-6
Let v(c) = -2803*c - 14007. Give v(-5).
8
Let k(r) = -687*r + 1378. What is k(2)?
4
Let o(i) = -405*i - 6484. What is o(-16)?
-4
Let a(m) = -m**3 - 37*m**2 + 38*m - 35. Give a(-38).
-35
Let z(h) = 95*h - 9302. Calculate z(100).
198
Let k(y) = 199*y - 1789. Determine k(9).
2
Let x(m) = 3*m**2 + 28*m - 133. Calculate x(-17).
258
Let k(v) = -v**2 - 116*v - 551. What is k(-5)?
4
Let r(q) = -q**2 - 32*q - 63. Calculate r(-31).
-32
Let j(s) = 21*s**2 - 12*s - 23. Calculate j(-2).
85
Let d(h) = h**2 + 41*h + 215. Determine d(-29).
-133
Let z(s) = -s**2 - 60*s + 1815. Calculate z(-82).
11
Let q(i) = i**3 - 15*i**2 - 36*i + 45. Give q(17).
11
Let y(w) = -2*w**2 - 42*w - 49. Give y(-20).
-9
Let l(k) = 16*k - 476. Determine l(31).
20
Let d(y) = 10*y + 139. Give d(-12).
19
Let g(f) = f**3 - 38*f**2 + 276*f + 107. Give g(28).
-5
Let q(m) = -6*m**3 + 4*m**2 - 6. What is q(-2)?
58
Let m(s) = -s**3 - 36*s**2 + 298*s - 118. Determine m(-43).
11
Let c(k) = 4*k - 44. Determine c(3).
-32
Let u(m) = m**3 + 12*m**2 + 15*m + 4. What is u(-11)?
-40
Let g(j) = -2*j**3 + 456*j**2 + 447*j + 2512. What is g(229)?
-7
Let f(n) = -n**3 - n**2 + 42*n + 7. Determine f(-7).
7
Let h(t) = -55*t**2 - 1042*t - 29. Give h(-19).
-86
Let o(z) = -2435*z + 19503. Give o(8).
23
Let w(r) = -278*r**2 - 177*r + 176. What is w(1)?
-279
Let a(b) = 2978*b + 20837. Calculate a(-7).
-9
Let a(l) = -l**2 - 397*l - 18809. Give a(-342).
1
Let f(b) = b**2 - 4*b - 281. Determine f(-15).
4
Let u(c) = -19*c - 110. What is u(6)?
-224
Let o(w) = -2*w**2 - 7*w + 17. Give o(-4).
13
Let o(n) = n**2 + 12*n - 518. What is o(-30)?
22
Let f(d) = 93*d + 54. Give f(-3).
-225
Let n(a) = a**3 - 10*a**2 + 12*a - 18. Determine n(7).
-81
Let k(a) = -2*a**3 + 132*a**2 - 379*a + 28. Give k(63).
-35
Let i(p) = p**3 - 73*p**2 - 74*p - 49. Give i(74).
-49
Let w(h) = -h**3 - 29*h**2 - 102*h - 166. Give w(-25).
-116
Let g(u) = 24*u - 922. What is g(41)?
62
Let a(v) = v**3 + 12*v**2 + 24*v - 23. Determine a(-4).
9
Let f(p) = -p**3 + 13*p**2 + 31*p + 76. What is f(15)?
91
Let c(b) = -31*b**2 - 466*b - 23. Determine c(-15).
-8
Let z(s) = -2*s**2 - 2*s + 26. Calculate z(-6).
-34
Let f(n) = 4*n**2 - 58*n + 162. Determine f(11).
8
Let p(c) = 5*c**3 + 5*c**2 + 86*c + 312. Give p(-4).
-272
Let c(x) = 88*x - 151. Give c(3).
113
Let x(n) = -9*n**2 - 21*n - 72. Give x(-5).
-192
Let o(n) = 2*n**3 - 152*n**2 - 2*n + 462. Calculate o(76).
310
Let k(i) = 2*i**3 + 91*i**2 - 54*i - 486. What is k(-46)?
-118
Let z(x) = -x**2 - 218*x + 11. Give z(0).
11
Let z(x) = -3*x**3 + 77*x**2 + 24*x - 21. Give z(26).
-73
Let t(m) = -30*m**3 + 386*m**2 + 53*m - 2. Calculate t(13).
11
Let b(n) = n**2 + 32*n - 23. Give b(-12).
-263
Let q(z) = z**3 + 33*z**2 + 61*z - 51. Determine q(-31).
-20
Let n(w) = -4*w**3 + 16*w**2 + 62*w - 302. Give n(5).
-92
Let d(c) = 36*c + 983. Calculate d(-39).
-421
Let h(b) = 14*b**2 + 410*b + 115. Calculate h(-29).
-1
Let k(g) = -g**3 + g**2 + 111*g + 307. Give k(-3).
10
Let r(k) = -k**3 + 25*k**2 - 73*k - 234. Give r(21).
-3
Let c(t) = t**3 - 14*t**2 + 46*t - 223. Determine c(14).
421
Let d(s) = s**3 - 24*s**2 - 111*s - 79. What is d(28)?
-51
Let v(y) = y**2 - 84*y - 4137. Calculate v(118).
-125
Let n(w) = w**3 - 6*w**2 + 20*w - 138. Determine n(6).
-18
Let b(s) = s**3 - s**2 - 114*s + 21. Determine b(11).
-23
Let t(z) = 4*z**2 - 30*z - 2. Determine t(12).
214
Let z(m) = -818*m - 4970. What is z(-6)?
-62
Let j(q) = 4*q**2 - 47*q - 336. What is j(-5)?
-1
Let l(c) = -30*c + 1279. Give l(74).
-941
Let y(j) = -20920*j + 62778. Determine y(3).
18
Let o(u) = 16*u**2 - 107*u + 48. Calculate o(6).
-18
Let n(r) = 3709*r + 25967. Calculate n(-7).
4
Let f(q) = q**3 - 6*q**2 + 19. What is f(7)?
68
Let m(c) = -5*c**3 + 14*c**2 + 40*c - 9. What is m(4)?
55
Let f(v) = -20*v + 2. Give f(-3).
62
Let b(n) = 20*n**2 + 42*n - 41. Determine b(1).
21
Let m(n) = 42*n**2 - 6*n + 11. What is m(-3)?
407
Let h(k) = k**3 + 19*k**2 + 40*k + 491. Determine h(-18).
95
Let d(l) = -l**3 + 6*l**2 + 11*l - 20. Give d(8).
-60
Let w(a) = -22*a**2 + 251*a - 93. Give w(10).
217
Let r(q) = 2*q**2 - 29*q + 106. Determine r(6).
4
Let k(i) = i**3 + 9*i**2 + 17*i + 9. Determine k(-7).
-12
Let h(f) = -50*f + 214. What is h(-4)?
414
Let b(i) = -142*i + 761. What is b(6)?
-91
Let g(q) = 1028*q - 29858. What is g(29)?
-46
Let l(h) = h**3 - 36*h**2 - 78*h + 44. What is l(38)?
-32
Let m(s) = -155*s + 7716. Calculate m(50).
-34
Let t(u) = u**2 - 129*u + 2913. Determine t(29).
13
Let h(f) = -65*f + 1284. Give h(15).
309
Let t(o) = 249*o - 1981. Give t(8).
11
Let x(j) = j**3 + 155*j**2 - 314*j - 11. Calculate x(-157).
-11
Let q(v) = -4*v**2 - 23*v - 145. Calculate q(-9).
-262
Let x(f) = -2*f**3 + 4*f**2 + 184*f + 159. What is x(11)?
5
Let h(c) = -11*c**2 - 85*c - 57. What is h(-7)?
-1
Let l(p) = p**3 + 116*p**2 + 120*p + 590. Give l(-115).
15
Let g(l) = 4*l**2 + 689*l - 2662. Give g(-176).
-22
Let y(d) = -d**3 - 19*d**2 - 11*d + 412. Determine y(-17).
21
Let l(w) = 183*w - 10242. Determine l(56).
6
Let y(b) = -b**3 - 14*b**2 - 6*b + 24. Give y(-14).
108
Let x(s) = -14*s**2 - 9*s + 51. Calculate x(-7).
-572
Let f(g) = -52*g - 547. Calculate f(-11).
25
Let r(q) = q**2 - 144*q - 23372. What is r(-97)?
5
Let l(x) = -x*